late -78 - (-86 - (-8 - 66)).
-66
What is -112 + 16 + 117 - 125?
-104
Calculate 15 + -2 - (323 + -299).
-11
Calculate (4 + -26 + -3 - 13) + (13 - 1).
-26
(-27 - 72) + (-38 - -122)
-15
Evaluate -1948 + 1950 + -1 + 56.
57
What is the value of 15 + (0 - 2) - (61 - 64) - 7?
9
Evaluate (-1 - -20) + (-41 - (6 - 52)).
24
-46 + 99 + -117 + 21
-43
What is (72 - 62 - -34) + (1 - 20)?
25
38 + (0 + 0 - (-4 - -9)) + -160 + 167
40
What is the value of 15 - (57 + -23) - -52?
33
Evaluate 2003 + -1973 + (-75 - -3).
-42
(33 + 6 - -61) + 17 - (-2 + -17)
136
Evaluate (-144 - -64) + (116 - -9).
45
What is -11 + 1 + -8 - (-15 + -13 - 47)?
57
-4 + -14 + 7 + -54 + 70 - -107
112
Calculate (-3 + -10 - 1) + (-11 - -3 - 2).
-24
What is the value of -10 + (-47 - (-42 + 64) - (0 - -6)) + 12?
-73
What is the value of -14 - (17 + -14 + 3) - (-1 - 41)?
22
Evaluate -33 + -29 + -15 + 105 - (-1 + -8 + 1).
36
What is 2 + (-19 - -12 - -8) + 6 + (-4 - 42)?
-37
-119 - (9 + 13 + -88)
-53
What is 103 - 142 - (1 + -26) - (0 + 1)?
-15
Calculate -64 + (80 - 39) - (22 + 5).
-50
What is the value of -7 + (-80 - -63) + -4 + -9?
-37
(-3 + 1 + -2 - (-176 + 165)) + (-1 - 49)
-43
Calculate (0 - (1 - 43)) + (-5 - (-15 + 4)) + 1.
49
Calculate (41 - (9 - 10)) + (-10 + (-2 - -4) - -2).
36
(200 - 159) + (-1 - 24)
16
What is the value of 41 + -42 + 1 + 24 + -126?
-102
(55 - (-2 + 10) - -10 - (9 - -1)) + -10
37
Evaluate -423 + 437 + (-1 - -40) - 22.
31
What is -6 - ((29 - 75) + (-1 - 0 - -16))?
25
Evaluate -30 + 69 + -41 - (7 - 6 - 93).
90
Calculate (-56 - (2 - 31)) + 45 - 138.
-120
What is the value of (-9 - ((-7 - (-31 + 8)) + -88)) + (2 - 0)?
65
What is (27 + -14 - (-1 + -1)) + 906 + -897?
24
0 + -24 - (-14 + -1 + 35)
-44
Calculate (-163 - -137) + 66 - 4.
36
Calculate -104 - (-11 + 4) - (-592 + 572).
-77
234 + -227 - (7 - 34)
34
What is the value of 80 + (117 - (10 - -73))?
114
What is -2259 + 2262 + (41 - 1) + -5 + 5?
43
Evaluate 8 + 50 + -50 - (1 + -3 - (-6 + -1)).
3
Calculate 2 - 8 - (62 - -10 - 42).
-36
-17 + (-16 - -18) - (6 - 0 - (-13 - -11))
-23
41 + -67 + 33 - ((-2 - -10) + -1 + 11)
-11
3 + 1 + 1 - (54 - (14 + (16 - 1)))
-20
-44 + -13 - -4 - (-6 + 18 + -12)
-53
1 + -6 + (-1 - (14 + -28) - 12) + -42
-46
What is (-25 - -49) + -30 - (79 + -6 + 2 - 1)?
-80
Calculate 1 - 1 - (3 + -1 + (6 - (3 - -2))).
-3
Calculate -29 - (3 + 1 + -9 + 15).
-39
What is the value of (51 - (-5 - -5)) + -2 - (-416 + 402)?
63
What is the value of -6 + 14 - 10 - -4 - (-1 + 0)?
3
What is (-22 + 11 - (15 - 3)) + -18?
-41
What is 40 - (67 + -51 + -18)?
42
9 - (-15 + (-10 + 2 - (-37 - -49)))
44
What is the value of (-9 - -2 - 1 - 5) + -28 + 47?
6
2 + 4 - (-819 + 830)
-5
What is the value of -15 - ((10 + 9 - -13) + -44)?
-3
What is the value of (-2 - 1 - (1874 + -1842)) + 151?
116
What is -11 - -7 - (10 - (-99 + (28 - 2)))?
-87
Calculate 72 - (76 + -54) - 10.
40
What is the value of -24 - (47 - 50 - (-15 - (-28 - -14)))?
-22
What is 25 + (-15 - 8) + 12 + -108?
-94
What is 29 + -40 + -18 + 28?
-1
Evaluate 0 + -6 - ((43 - (3 + 41)) + -12 + 2).
5
What is (-5 - (11 + -19)) + 1 + 5?
9
What is 57 + 3 + -34 + -19?
7
What is -27 + 12 + -89 + 57?
-47
Evaluate (-34 - -101) + -85 + 12.
-6
What is -17 - (-149 + 90) - 117?
-75
Calculate -26 + 112 + -15 + -31.
40
What is 5 - (-3 - -114) - (62 - 154 - -97)?
-111
Calculate 1 + 5 + 257 + -272 + (1 - 15) + 2.
-21
What is the value of 830 + -825 - (1 + (0 - 1 - (-19 + 16)))?
2
Calculate -64 + 16 + 32 + 10 + -81.
-87
Evaluate 0 - -35 - (99 - (2 + 80)).
18
What is the value of -84 + -68 + -18 + 55?
-115
Evaluate (36 - 0) + (10 - (8 + 8 + -18) - 9).
39
Calculate -4 - (-16 + -6 + 1 + -6 + 13 + 2).
8
What is the value of -3 - -40 - (1357 + -1333)?
13
1 + -1 + (50 - 8 - ((-7 - -11) + -7))
45
Calculate 0 - -18 - (-238 - (-195 + -13)).
48
Calculate 22 + 0 + -11 + 0 - 26.
-15
1 + 3 + -3 + 1 - (-176 + 222 - 177)
133
What is 1 + (73 + -121 - -33)?
-14
Evaluate -13 + (144 - 158 - (-24 + 0)).
-3
What is the value of 247 - 278 - (19 - 13)?
-37
What is (-92 - -100) + -7 + 6?
7
Evaluate (4 - (-2 - 12 - -8)) + 10 + -24.
-4
What is the value of -2 + (-5 - -11 - ((-6 - -12) + -19))?
17
What is (-35 - -2 - -67) + -30?
4
Calculate 3 - 21 - 1 - (342 + -273).
-88
Calculate -2 - 115 - (-155 + 153 + 15).
-130
Evaluate (94 - 167 - -47) + (-15 - -1).
-40
What is 2 - (-3 + -2 + -2) - (101 - (-29 + 60))?
-61
(-20 - -98) + -84 + -35
-41
Evaluate -77 + (-32 - -18) + 19.
-72
-8 + (28 + -48 - -20 - (106 - 0))
-114
Calculate (-2 - -4 - 11) + -36 + 23.
-22
(-6465 - -6482) + 1 + 14
32
Calculate -10 - (6 + 29) - (7 - 17) - -11.
-24
Calculate -2 - -11 - (63 + -117 - -61) - 57.
-55
Evaluate 1 - (-47 + 85 + -44 + (-1 - 52)).
60
Evaluate 14 + 22 + (6 - (1 + -9)).
50
Calculate -15 - ((-3 - -29) + -16).
-25
(22 - 1) + -159 + (-2 - -153)
13
38 + -30 + (100 - (22 + -26))
112
What is 6 + (-2 - (4 - (-5 - -11))) - (7 + 38)?
-39
What is -5 + 4 + (3 - (-4 - 0)) - (599 + -624)?
31
What is the value of (-42 + 8 - -17) + 138 + -140?
-19
What is (-12 - (-10 + -2 - (2 - -33))) + 1?
36
3341 + -3429 - (-56 - -1)
-33
What is -15 + 36 + (-3 + 10 - (92 - 80))?
16
11902 - 11826 - (1 - -121)
-46
What is the value of 82 - 114 - (-17 + -15)?
0
Calculate 2 - (-1 - -5 - (-123 + 109 + -17 + 1)).
-32
What is the value of 51 - (-3 - (31 - (-24 + 74)))?
35
1463 + -1496 + 37 + 2
6
(-652 - -678) + 0 + -96
-70
Evaluate -55 + (0 - (-6 + -2 - -7 - 11)).
-43
-48 - (-7 - (6 + (25 - 20)))
-30
Evaluate -1 + 1 + -4 + (1 - -4) - (-26 + 93).
-66
What is (-18 - (6 - -2) - 76) + 0 + 18?
-84
Calculate 11 + -1 + (0 - -2) - (-148 + (131 - 54)).
83
Calculate -9 + (59 - 58) + 0 + 1 - (6 + 9).
-22
124 + -14 + -9 - (0 + (-3 - -3) - -6)
95
Evaluate (-69 - (56 + -100)) + 4 + -2.
-23
Evaluate -12 - (-64 - (17 + -82)).
-13
Evaluate (-25 + 10 - (-15 + 9)) + -35 - -17.
-27
Evaluate (-3 + -2 - -15) + 12 + (-21 - (-7 + 11)).
-3
What is 67 + -1 + 0 + (-40 - -76 - 47)?
55
What is the value of (15 - 4) + 23 + 2?
36
Calculate -57 + 9 - (119 - 200).
33
What is 5 + -31 + (8 - ((-17 - -8) + 4)) - -94?
81
Calculate 3 - (966 + -972 - (1 + (0 - 6))).
4
What is the value of 58 + (-23 - (10 + -9 + -28))?
62
Evaluate 2 + (61 - 19) - 66.
-22
(48 - (15 - 21)) + -93
-39
Calculate -37 - (-293 + 291 - (4 + 7 + 1)).
-23
-6 + (-7 - (-10 + -1 + (-3 - 44)))
45
What is the value of 11 - 0 - (104 + (-119 - -108)) - 11?
-93
Calculate 3 + (-3 - -10) - (-91 - -94).
7
15 - 11 - ((5 - 34) + -1)
34
Evaluate -110 + 87 - ((6 - -6) + 6).
-41
What is 18 + 24 + -30 + (-6 - (2 - 0))?
4
What is the value of -8 + 72 + -66 - -19?
17
Calculate -30 + -16 + -17 + 36.
-27
Evaluate 1 + 1 - ((4 + -18 - -19) + -12) - 76.
-67
What is the value of 6 - (-7 + 6 + -7) - (8 + 26 + 13)?
-33
What is 2 + (3 - (-1 - (-7 - (0 - -5))))?
-6
16 - (6 - 25 - (-46 - -15))
4
(27 - -6) + -117 + (-104 - -168)
-20
Evaluate 12 - -2 - (-2 - -3 - 7 - (103 - 75)).
48
What is -39 + 20 + 26 + -25 - -7?
-11
59 - (22 + -1) - -15 - 15
38
What is the value of (21 + -40 - (-2 - -2)) + (-19 - (-15 + 4))?
-27
(16 - (-8 + 4)) + 0 + 32
52
Evaluate (-1 - 1) + -14 + 94 + -107.
-29
What is the value of -111 - (-177 - -60) - (-1 + -17)?
24
What is the value of 3 + 31 + -115 + 85 + -52?
-48
What is the value of 0 + 6 - (-12 + (-24 - -15 - -37 - -5))?
-15
Calculate (-63 + 29 - -19 - (7 - 6)) + 66.
50
What is the value of -41 - (2 - (-22 + 24) - 21)?
-20
Evaluate -2 - 15 - (-255 - -209) - 38.
-9
Evaluate -31 + 1 + (-51 - (-18 - (48 + -21))).
-36
Evaluate (171 - 172) + (-1 - ((1 - -3) + 1)).
-7
Calculate (107 + -48 - 50) + (2 + -52 - 0) + -15.
-56
What is the value of -18 + (27 - 55 - -7)?
-39
Evaluate 3 - (-5 + 10 - 7) - (3 + 12 - 95).
85
Evaluate -7 + (3 - (46 + -57)).
7
What is (-1 - (1 + 38)) + -875 + 896?
-19
(45 - -5) + -178 + 159
31
What is the value of (9 - ((6 - (7 - 15)) + (-3 - 2))) + 23?
23
What is the value of (171 - 229) + (1 - -2) + 38?
-17
What is the value of 96 + (159 - 201) - (45 + -3)?
12
What is 42 + 2 + (261 - (-283 - -546))?
42
What is (-1 - -20 - 9) + -9 - (-25 - -59)?
-33
What is the value of -18 - -12 - -12 - (5 + -7 + 6 + -31)?
33
34 - (4 - 0) - (-990 + 984)
36
What is the value of -4 + ((-2 - -6) + 35 + -24 - 10)?
1
Evaluate 15 - ((-4 - -10) + (-5 - -11) + -13 + 0).
16
What is (-104 + 46 - (-33 + -5)) + (4 - 18)?
-34
(92 + -58 + -18 - (0 + 25))